{"id":28,"date":"2016-11-16T17:19:37","date_gmt":"2016-11-16T09:19:37","guid":{"rendered":"https:\/\/indoor3d.net\/2017\/?page_id=28"},"modified":"2017-03-19T16:17:05","modified_gmt":"2017-03-19T08:17:05","slug":"workshop-organization","status":"publish","type":"page","link":"https:\/\/indoor3d.net\/2017\/workshop-organization\/","title":{"rendered":"Workshop Organization"},"content":{"rendered":"<p style=\"margin-bottom: 19.5pt\"><strong><span lang=\"EN-US\" style=\"font-size: 11.5pt;font-family: 'Helvetica','sans-serif';color: #333333\">Chair:<\/span><\/strong><span lang=\"EN-US\" style=\"font-size: 11.5pt;font-family: 'Helvetica','sans-serif';color: #333333\"><br \/>\nZhizhong Kang, China University of Geosciences, Beijing, China (ISPRS WG IV\/5)<\/span><\/p>\n<p style=\"margin-bottom: 19.5pt;text-align: start\"><strong><span lang=\"EN-US\" style=\"font-size: 11.5pt;font-family: 'Helvetica','sans-serif';color: #333333\">Co-chairs:<\/span><\/strong><span lang=\"EN-US\" style=\"font-size: 11.5pt;font-family: 'Helvetica','sans-serif';color: #333333\"><br \/>\nNaser El-Sheimy, The University of Calgary, Canada (ISPRS WG I\/7)<br \/>\nCheng Wang, Xiamen University, China (ISPRS WG I\/6)<br \/>\nRuizhi Chen, Wuhan University, China<br \/>\nKourosh Khoshelham, University of Melbourne, Australia (ISPRS WG IV\/5)<br \/>\nMichael Peter, University of Twente, The Netherlands (ISPRS WG IV\/5)<\/span><\/p>\n<p style=\"margin-bottom: 19.5pt\"><strong><span lang=\"EN-US\" style=\"font-size: 11.5pt;font-family: 'Helvetica','sans-serif';color: #333333\">Secretary:<\/span><\/strong><span lang=\"EN-US\" style=\"font-size: 11.5pt;font-family: 'Helvetica','sans-serif';color: #333333\"><br \/>\nLuc\u00eda D\u00edaz Vilari\u00f1o, University of Vigo, Spain (ISPRS WG IV\/5)<\/span><\/p>\n<p style=\"margin-bottom: 19.5pt;text-align: start\"><strong><span lang=\"EN-US\" style=\"font-size: 11.5pt;font-family: 'Helvetica','sans-serif';color: #333333\">Local organizing committee:<\/span><\/strong><span lang=\"EN-US\" style=\"font-size: 11.5pt;font-family: 'Helvetica','sans-serif';color: #333333\"><br \/>\nJingbin Liu, Wuhan University, China<br \/>\nLinlin Xu, China University of Geosciences, Beijing, China<br \/>\nTeng Hu, China University of Geosciences, Beijing, China<br \/>\nZhen Wang, China University of Geosciences, Beijing, China<\/span><\/p>\n","protected":false},"excerpt":{"rendered":"<p>Chair: Zhizhong Kang, China University of Geosciences, Beijing, China (ISPRS WG IV\/5) Co-chairs: Naser El-Sheimy, The University of Calgary, Canada (ISPRS WG I\/7) Cheng Wang, Xiamen University, China (ISPRS WG I\/6) Ruizhi Chen, Wuhan University, China Kourosh Khoshelham, University of &hellip; <a href=\"https:\/\/indoor3d.net\/2017\/workshop-organization\/\">Continue reading <span class=\"meta-nav\">&rarr;<\/span><\/a><\/p>\n","protected":false},"author":5,"featured_media":0,"parent":0,"menu_order":0,"comment_status":"closed","ping_status":"closed","template":"","meta":{"footnotes":""},"_links":{"self":[{"href":"https:\/\/indoor3d.net\/2017\/wp-json\/wp\/v2\/pages\/28"}],"collection":[{"href":"https:\/\/indoor3d.net\/2017\/wp-json\/wp\/v2\/pages"}],"about":[{"href":"https:\/\/indoor3d.net\/2017\/wp-json\/wp\/v2\/types\/page"}],"author":[{"embeddable":true,"href":"https:\/\/indoor3d.net\/2017\/wp-json\/wp\/v2\/users\/5"}],"replies":[{"embeddable":true,"href":"https:\/\/indoor3d.net\/2017\/wp-json\/wp\/v2\/comments?post=28"}],"version-history":[{"count":13,"href":"https:\/\/indoor3d.net\/2017\/wp-json\/wp\/v2\/pages\/28\/revisions"}],"predecessor-version":[{"id":164,"href":"https:\/\/indoor3d.net\/2017\/wp-json\/wp\/v2\/pages\/28\/revisions\/164"}],"wp:attachment":[{"href":"https:\/\/indoor3d.net\/2017\/wp-json\/wp\/v2\/media?parent=28"}],"curies":[{"name":"wp","href":"https:\/\/api.w.org\/{rel}","templated":true}]}}